{"id":74,"date":"2018-06-29T15:41:41","date_gmt":"2018-06-29T14:41:41","guid":{"rendered":"https:\/\/fmi.univ-bba.dz\/?page_id=74"},"modified":"2023-07-31T23:32:41","modified_gmt":"2023-07-31T22:32:41","slug":"vice-doyen-pg","status":"publish","type":"page","link":"https:\/\/fmi.univ-bba.dz\/?page_id=74","title":{"rendered":"Le vice-doyen charg\u00e9 de la post-graduation, de la recherche scientifique et des relations ext\u00e9rieures"},"content":{"rendered":"<h3 style=\"text-align: center;\">Dr. BELHADJ Foudil<\/h3>\n<p style=\"text-align: center;\"><strong>Email : <\/strong><span style=\"color: #0000ff;\">postgradmi@univ-bba.dz<\/span><\/p>\n<p style=\"text-align: center;\">\n<p><strong>Le vice-doyen charg\u00e9 de la post-graduation, de la recherche scientifique et des relations ext\u00e9rieures a pour t\u00e2ches :<\/strong><\/p>\n<ul>\n<li>de suivre le d\u00e9roulement des concours d\u2019acc\u00e8s \u00e0 la post-graduation ;<\/li>\n<li>de prendre ou proposer les mesures n\u00e9cessaires pour assurer le fonctionnement des formations de\u00a0post-graduation ;<\/li>\n<li>de veiller au d\u00e9roulement des soutenances de m\u00e9moires et th\u00e8ses de post-graduation ;<\/li>\n<li>de suivre le d\u00e9roulement des activit\u00e9s de recherche scientifique ;<\/li>\n<li>d\u2019initier des actions de partenariat avec les secteurs socio-\u00e9conomiques ;<\/li>\n<li>d\u2019initier des actions en vue de dynamiser et de renforcer la coop\u00e9ration interuniversitaire nationale et internationale;<\/li>\n<li>de mettre en \u0153uvre les programmes de perfectionnement et de recyclage des enseignants ;<\/li>\n<li>de suivre le fonctionnement du conseil scientifique de la facult\u00e9 et conserver ses archives.<\/li>\n<\/ul>\n<p><strong>Le vice-doyen charg\u00e9 de la post-graduation, de la recherche scientifique et des relations ext\u00e9rieures est\u00a0assist\u00e9 par\u00a0:<\/strong><\/p>\n<ul>\n<li>le chef de service du suivi de la formation de post-graduation<\/li>\n<li>le chef de service du suivi des activit\u00e9s de recherche ;<\/li>\n<li>le chef de service de la coop\u00e9ration et des relations ext\u00e9rieures.<\/li>\n<\/ul>\n","protected":false},"excerpt":{"rendered":"<p>Dr. BELHADJ Foudil Email : postgradmi@univ-bba.dz Le vice-doyen charg\u00e9 de la post-graduation, de la recherche scientifique et des relations ext\u00e9rieures a pour t\u00e2ches : de suivre le d\u00e9roulement des concours d\u2019acc\u00e8s \u00e0 la post-graduation ; de prendre ou proposer les mesures n\u00e9cessaires pour assurer le fonctionnement des formations de\u00a0post-graduation ; de veiller au d\u00e9roulement des [&hellip;]<\/p>\n","protected":false},"author":1,"featured_media":0,"parent":0,"menu_order":0,"comment_status":"closed","ping_status":"closed","template":"","meta":{"footnotes":""},"class_list":["post-74","page","type-page","status-publish","hentry"],"_links":{"self":[{"href":"https:\/\/fmi.univ-bba.dz\/index.php?rest_route=\/wp\/v2\/pages\/74","targetHints":{"allow":["GET"]}}],"collection":[{"href":"https:\/\/fmi.univ-bba.dz\/index.php?rest_route=\/wp\/v2\/pages"}],"about":[{"href":"https:\/\/fmi.univ-bba.dz\/index.php?rest_route=\/wp\/v2\/types\/page"}],"author":[{"embeddable":true,"href":"https:\/\/fmi.univ-bba.dz\/index.php?rest_route=\/wp\/v2\/users\/1"}],"replies":[{"embeddable":true,"href":"https:\/\/fmi.univ-bba.dz\/index.php?rest_route=%2Fwp%2Fv2%2Fcomments&post=74"}],"version-history":[{"count":8,"href":"https:\/\/fmi.univ-bba.dz\/index.php?rest_route=\/wp\/v2\/pages\/74\/revisions"}],"predecessor-version":[{"id":4218,"href":"https:\/\/fmi.univ-bba.dz\/index.php?rest_route=\/wp\/v2\/pages\/74\/revisions\/4218"}],"wp:attachment":[{"href":"https:\/\/fmi.univ-bba.dz\/index.php?rest_route=%2Fwp%2Fv2%2Fmedia&parent=74"}],"curies":[{"name":"wp","href":"https:\/\/api.w.org\/{rel}","templated":true}]}}